. What is the greatest common divisor of m and v?
40
Let t be ((-352)/(-12))/((-120)/(-90)). Suppose -2*p = -0*p - 132. Calculate the highest common divisor of p and t.
22
Let d(a) = -26*a + 41. Let j be d(8). Let u = -133 - j. Calculate the highest common divisor of 85 and u.
17
Let a be 2*6*14/4. Let c = -430 + 500. Let t be 1674/10 + a/c. Calculate the greatest common factor of 21 and t.
21
Let s = -551 - -629. Let k be 0 - (s/(-3) - 5). What is the greatest common factor of 155 and k?
31
Suppose 110 = -6*g + 374. Suppose 0 = 2*f - 5*w - 117, -5*f + 4*w + 318 = -0*w. Calculate the highest common divisor of g and f.
22
Let o(t) = -183 + 26*t - 8*t + 157. Let j be o(7). Suppose d = 11 + 9. Calculate the highest common divisor of d and j.
20
Let i = -556 + 559. Suppose k = i*n - 73, k + 47 = 2*n - 0*k. Calculate the highest common divisor of n and 6.
2
Let f be (8192/5632)/(1/22). Calculate the highest common divisor of 2536 and f.
8
Let l(b) = -b**3 + 9*b**2 + 4*b - 25. Let a be l(7). Let g = a + -92. Let j be 47/g + (-4)/18. Calculate the greatest common divisor of j and 55.
5
Let r be (-9)/(-3) - 0 - -60. Suppose -11 + 67 = 8*m. Suppose -5*h = -52 + m. What is the highest common divisor of r and h?
9
Let a = 3187 + -3109. What is the highest common divisor of a and 216?
6
Let x(q) = q**2 + 46*q - 132. Let v be x(3). What is the highest common divisor of 39 and v?
3
Suppose -14806 + 213526 = 15*i. Suppose -8*x = 10*x - i. Calculate the highest common factor of x and 46.
46
Suppose 6 = 3*c - c. Let h(n) = n**3 - 4*n**2 + 3*n + 4. Let f be h(c). Suppose -173 - 475 = -f*d. Calculate the highest common divisor of d and 27.
27
Suppose 1 = -11*q + 1. Suppose q = -2*g + 4*g - 5*l - 128, -2*g - l = -116. Suppose -g = 4*b - 211. Calculate the greatest common divisor of 38 and b.
38
Suppose -180 = 10076*x - 10088*x. What is the highest common factor of x and 309?
3
Suppose 4 = 13*m - 14*m. Let u be (5 - 5)*m/(-8). Suppose 5*n - 2*q = 50, -2*q + 10 = -u*q. Calculate the highest common divisor of n and 6.
6
Suppose 8 = -3*q + 71. Let z be 40/3 - 7/q. Suppose -5*c = -4*l - 53, -5*c + 8*c - l - 36 = 0. Calculate the highest common divisor of c and z.
13
Suppose -12*a + 5965 = -3683. What is the highest common factor of a and 18?
6
Suppose 4*j - 572 = -x, -j - 630 + 3471 = 5*x. Calculate the greatest common divisor of x and 2627.
71
Suppose -901 = -56*d + 55*d + 3*h, 3*h + 1811 = 2*d. Calculate the highest common factor of 665 and d.
35
Suppose 5*w + 15 = 2*a - 21, 2*a - 24 = 3*w. Let s = 1 - w. Let g be s/(-21) - (-25)/3. Calculate the greatest common divisor of 2 and g.
2
Suppose 3*k = 6*k. Suppose k = 9*t + 3 - 129. Let o(a) = -6*a - 58. Let f be o(-12). Calculate the greatest common factor of f and t.
14
Let h be 2/(-3) - (-5445)/27. Let x = h - 117. Let s be ((-1)/(-3))/(1/36). What is the highest common divisor of x and s?
12
Let s = 179 + -149. Let u = s + -22. Calculate the greatest common factor of 1 and u.
1
Let u(x) = 3*x**2 + 3*x + 10. Let w(a) = -4*a**2 + a + 2. Let l be w(-1). Let q be u(l). Let y = 0 - -7. Calculate the greatest common divisor of y and q.
7
Let a(z) = -751*z + 9282. Let t be a(12). What is the greatest common factor of t and 580?
10
Suppose -149*h + 22 = 3*r - 144*h, -5*h = 2*r - 18. What is the highest common factor of r and 2876?
4
Let p(t) = 165*t + 2497. Let f be p(-15). Calculate the highest common divisor of f and 275.
11
Suppose o - 3*h - 1029 - 790 = 0, 0 = -o - 5*h + 1787. What is the highest common divisor of 139 and o?
139
Let x(b) be the first derivative of -b**2 + 26*b - 105. Let c be x(8). Let t = 200 - 90. What is the highest common divisor of c and t?
10
Let b(z) = z**3 - 6*z**2 + 21*z - 48. Let p be b(4). What is the greatest common factor of 2188 and p?
4
Let h = 209 + -204. Let w be 21 - ((-7)/2 - h/(-10)). Suppose 6*j = 3*j + 504. What is the highest common factor of j and w?
24
Let u(p) = -p**2 - 252*p + 1552. Let a be u(0). What is the highest common factor of 64 and a?
16
Suppose -3*u = -76 - 47. Let m = 43 - u. Let d be 15*m + 0/((-6)/(-2)). What is the greatest common factor of d and 20?
10
Let y be -10*388*(-15)/150. What is the greatest common divisor of y and 3007?
97
Let g(r) be the first derivative of -13*r**2/2 - 232*r - 206. Let t be g(-19). What is the highest common divisor of 1095 and t?
15
Let y(o) = -112*o**3 + 5*o**2 - 28*o - 29. Let g be y(-1). Calculate the highest common factor of 48 and g.
4
Let y(q) = -68*q**2 - 340*q + 6. Let r be y(-5). What is the greatest common factor of 20088 and r?
6
Suppose 9*g = 2*g + 182. Suppose 0 = 33*t - g*t - 1386. What is the highest common divisor of 18 and t?
18
Suppose 0 = -13*w + 19*w - 240. Let k be -6 - -53 - (-4 - 0). Suppose -13*b + 157 + k = 0. What is the greatest common divisor of w and b?
8
Let k = -1 + 5. Suppose -h + 4 = k*q, -2*h - 4 = q - 33. Let s(f) = -8*f**3 - 3*f**2 + 5*f + 2. Let u be s(-3). What is the highest common factor of h and u?
16
Let w be (-2227)/(-170) - 3/30. Suppose w*a - 1452 = -31*a. Calculate the highest common factor of a and 165.
33
Let x = -9092 - -15685. What is the greatest common divisor of 19 and x?
19
Let f(h) = 23*h**2 - 2*h + 3. Let b be f(1). Let z(c) = -2*c**3 - 6*c**2 - 7*c. Let p = 18 - 22. Let d be z(p). What is the highest common factor of d and b?
12
Let u = 274 - 101. Let r = u + -104. Suppose -3*h + 5*t = -230, h + 3*t - r = 3. What is the greatest common divisor of 50 and h?
25
Suppose -340 - 980 = -5*h. Suppose -10*g + h + 166 = 0. What is the greatest common factor of g and 43?
43
Suppose 4*t = -967 + 1371. Calculate the highest common factor of t and 1111.
101
Let h(p) = 25 + 66 - 10 - 3*p. Let l be h(19). Let u = -29 + 53. Calculate the highest common factor of l and u.
24
Let q = 22 + 10. Suppose 0 = 5*b - 4*w - 26, -3*b - 2*w - 22 = -7*b. Let j be b/(-2)*160/(-6). Calculate the greatest common divisor of j and q.
16
Suppose 0 = 2056*c - 2078*c + 78650. What is the greatest common factor of 39 and c?
13
Let h = 22646 - 21936. What is the greatest common divisor of 160 and h?
10
Let k(n) = 3*n - 31. Let o = 211 - 197. Let z be k(o). What is the highest common divisor of 33 and z?
11
Let b = 919 - 853. What is the greatest common factor of b and 4818?
66
Suppose 2*u = 150 - 44. Suppose -18*q + u*q - 4095 = 0. Suppose -w - 4 = -17. Calculate the highest common factor of q and w.
13
Let y(t) = 77*t + 1018. Let n be y(-8). What is the greatest common divisor of n and 24?
6
Let g be (2/5)/((-6)/(-60)). Suppose 105 = g*z - 3*s, -4*z - 2*s = -0*z - 110. Let d be 9/(-6) - 21/(-2). What is the highest common factor of z and d?
9
Let c be 40/22 - 4/(-22) - 2. Suppose c = -2*j + 81 + 59. Let i be 30/(-21)*1*-7. Calculate the greatest common divisor of j and i.
10
Let z be (-6 + 6 - 58)*(-5 + 3/6). Calculate the greatest common divisor of z and 12093.
87
Let r be (4/(-2))/(-2) - -44. Suppose -5*a = -15*a + 50. Suppose j - 8 = -2*h + 7, -6*h = -a*j + 27. What is the highest common factor of j and r?
9
Suppose -295*q = -265*q - 420. Suppose 4*h + 6*h = 1820. Calculate the highest common factor of h and q.
14
Suppose 0*u + 3 = 3*u. Let g be 0 + u - (-28 - -3). Suppose -8*x - 34 = -2*s, -2*x + 22 + 15 = 3*s. Calculate the highest common factor of s and g.
13
Suppose -z - 579 = -5*m, -3*z = -4*m + 365 + 85. Calculate the greatest common factor of 1521 and m.
117
Suppose 0*w + 4*w = 0. Suppose w*j - 18 = -j. Let x be (-4)/(-12) - (49/21 + -4). What is the greatest common divisor of j and x?
2
Let q = -35 - -37. Suppose q*u - 3*u = -229. Let y = -157 + u. What is the greatest common divisor of 9 and y?
9
Let h be (-3 - 9)*(1 - 2). Let u = 25 - h. Let c be ((-14)/(-28))/(1/(2 - 0)). What is the highest common divisor of u and c?
1
Suppose 597 = -2*q - 3*r - 123, -5*q - 1783 = -r. Let j = q - -485. What is the greatest common divisor of 224 and j?
32
Let x = -6038 - -6044. What is the highest common factor of 6990 and x?
6
Let i = 1286 + -881. Suppose -11*t - 16*t + i = 0. Let w be 1/(-3) + (-10)/(-3). Calculate the greatest common divisor of t and w.
3
Let b(h) = -h**3 - 3*h**2 - 2*h - 35. Let d(u) = 2*u**2 - 6*u - 7. Let z be d(3). Let w be b(z). What is the highest common factor of 25 and w?
25
Let c = 2